*x = -123. Calculate the greatest common factor of r and 19.
19
Let y be (-288)/40*15/(-6). Calculate the greatest common divisor of y and 3.
3
Suppose c - 254 = -3*j, -j + 4*c = j - 188. Let v = j + -59. Suppose 0*f = 3*f - v. What is the greatest common divisor of f and 9?
9
Let t(x) = -x**3 + 10*x**2 - 4*x - 4. Let y be t(7). Calculate the highest common factor of y and 46.
23
Let m(r) = -r + 104. Let v be m(0). Suppose -5*z = -211 - v. What is the highest common divisor of 42 and z?
21
Let o be 6/30 - 14/(-5). Suppose o*z = -3*u + 5*z + 158, -3*u + 3*z = -162. What is the highest common factor of 125 and u?
25
Suppose 4*z - 222 = -2*z. Calculate the greatest common factor of z and 37.
37
Let l(z) = -6*z - 1. Let i be l(-1). Suppose 5*h + 15 = i. Let n be -2 + (3 - (2 + h)). What is the highest common divisor of n and 1?
1
Let c(h) = 10*h**2 + 2*h - 3. Let n be (1 + 0 + -2)*3. Let w be c(n). What is the greatest common factor of w and 9?
9
Suppose l + 15 = 3*c - 8, -3*c = -15. Let n be (-10)/(-8) - 6/l. Suppose -n*h = -28 - 20. What is the highest common divisor of h and 36?
12
Suppose 3*k - 56 = 73. Let s = k + -23. What is the greatest common factor of 20 and s?
20
Let h(s) = -s**3 + 5*s**2 - 5*s + 4. Let i be h(4). Suppose i = -5*k + 480 - 120. What is the greatest common factor of k and 18?
18
Suppose -4*t - 2 = a + 1, t - 2*a = 6. Suppose t - 1 = -g. Let i be (84/(-8))/(g/(-2)). What is the greatest common divisor of 7 and i?
7
Let l be 1 + 2 - (-24)/2. Suppose 3*t = 4*q - 15, 5*q - 2*t - l = -5. Suppose -270 = -q*d - 3*d + 3*n, -n = 2. What is the greatest common factor of d and 11?
11
Let w = 15 + -11. Suppose -5 = 4*l + 5*f - w, -f = -l + 11. What is the highest common factor of 4 and l?
2
Let y = 3 - -7. Suppose -2*p - 4*r = 3*p - 46, 2*r = -3*p + 28. What is the greatest common divisor of y and p?
10
Let q = 292 + -208. Let f = 34 - 22. Calculate the greatest common factor of f and q.
12
Suppose -26 = -2*m + 4. Suppose t + 26 = 2*t + 5*x, 0 = -3*x + m. Let h(o) = -o**2 + 17*o - 9. Let z be h(16). Calculate the highest common divisor of z and t.
1
Let y(z) = 2*z**2 - 8*z + 3. Let k be y(7). Calculate the greatest common factor of k and 15.
15
Let z(p) = -2*p**3 - 2*p**2 - 3*p - 1. Let m be z(-2). Calculate the highest common divisor of 13 and m.
13
Let x be (14/(-4))/(17/(-34)). What is the greatest common divisor of x and 63?
7
Suppose 0 = 10*v - 6*v - 32. Calculate the highest common divisor of 1 and v.
1
Let d(g) = g**2 + 4*g + 3. Let s be d(-4). Let l = 5 - s. What is the greatest common factor of l and 2?
2
Let m(w) = w**3 + w**2 + w - 1. Let s(c) = 3*c**3 + 9*c**2 + 14*c - 2. Let x(n) = 4*m(n) - s(n). Let r be x(8). What is the greatest common factor of r and 10?
10
Let f be (-123)/(-12) + 1/(-4). What is the highest common divisor of 30 and f?
10
Suppose s = -5*h + 5, 3*h = s - 5*s + 37. Calculate the greatest common factor of 10 and s.
10
Suppose -a + 5*a - 8 = 0. Suppose 15 = 5*y + f, -2 + 17 = -5*y + 5*f. What is the greatest common factor of y and a?
2
Let g = -97 + 124. What is the highest common factor of g and 36?
9
Let v = -26 - -30. What is the greatest common factor of 4 and v?
4
Suppose 4*t = 2*t + 16. Suppose 7 = -3*d - t. Let z(k) = k**3 + 5*k**2 - 5*k - 7. Let l be z(d). What is the highest common factor of l and 18?
18
Let v be (-7)/(7/(-4))*11. What is the greatest common factor of 22 and v?
22
Let c(r) = r**2 + 10*r + 27. Let p be c(-4). Calculate the highest common factor of 9 and p.
3
Let u(o) = -175*o**3 - 2*o**2 + 62*o**3 - 1 + 4*o**2 - 62*o**3. Let y be u(-1). What is the highest common factor of y and 22?
22
Let g = 11 + 13. Calculate the highest common divisor of 168 and g.
24
Suppose -3*z - 80 = -4*z. Suppose 0*c + 4*c = z. Let j be (64/3)/((-4)/(-30)). What is the highest common factor of j and c?
20
Let a = 41 + -1. Let l = -14 + 8. Let f = 11 + l. What is the greatest common factor of f and a?
5
Let i(g) = 12*g**2 - 7*g - 7. Let j be i(-1). What is the greatest common factor of 60 and j?
12
Suppose -b - l = -0*l - 6, 2*b + 13 = 3*l. Let u be 0/b + (-800)/(-10). What is the greatest common factor of 10 and u?
10
Let s = 7 - -8. Let v be 78 + -2 + (-2)/2. What is the greatest common divisor of v and s?
15
Suppose 2*c - 201 - 51 = 0. Calculate the greatest common factor of c and 42.
42
Suppose -32 + 7 = 5*o. Let k(q) = -q. Let c be k(o). Suppose -4*l + 3 = -c. Calculate the greatest common factor of 6 and l.
2
Suppose -29 - 52 = -3*m. Suppose o - 13 = 2. Let u be 3/(m/6)*o. Calculate the greatest common factor of u and 10.
10
Suppose -4*m + 196 = -4. Calculate the highest common divisor of 20 and m.
10
Let g(l) = -2*l**2 - 18*l + 9. Let b be g(-9). Calculate the greatest common factor of 27 and b.
9
Let b(g) = g**3 + 4*g**2 - 8*g - 7. Let f be b(-5). Suppose -j + 2*n + 30 = 0, j + n + f - 41 = 0. What is the highest common factor of j and 48?
16
Suppose -428 = -2*u + 4*k, 0*u + 633 = 3*u - 3*k. Calculate the greatest common factor of 16 and u.
16
Suppose 4*t - 18 = -6. Suppose -t*c - w - 27 + 212 = 0, -3*w + 51 = c. What is the greatest common divisor of 7 and c?
7
Let z(d) = d**3 - 3*d**2 + 2*d - 3. Let j be z(3). Suppose 2*h + j*h = 225. What is the highest common divisor of 18 and h?
9
Let o(j) = j**3 + 2*j**2 - 3*j + 3. Let y be o(3). What is the greatest common factor of 13 and y?
13
Let i(d) = -61*d - 1. Let m be i(-1). What is the greatest common factor of m and 15?
15
Let n(b) = 29*b. Let x be n(1). Suppose g - 2*g - x = 0. Let y = -17 - g. Calculate the greatest common divisor of 96 and y.
12
Let m = 28 + -18. Calculate the highest common divisor of m and 20.
10
Let n(i) = -2*i**2 + 7*i + 7. Let g be n(7). Let k = 102 + g. What is the highest common divisor of k and 10?
10
Let p(g) = g - 8. Suppose -n + 3 = -2. Let w be p(n). Let q be (w + 1)*-3 + 0. Calculate the greatest common divisor of q and 15.
3
Let i(d) = -125*d**3 + d**2 + d + 1. Let f be i(-1). Suppose 3*t - 5*m = 17, 9*t = 4*t - m + 75. Calculate the greatest common factor of f and t.
14
Suppose 5*b = 5*t - 70, t + 14 = 4*t + 4*b. Suppose h - t = 5. Calculate the greatest common divisor of 15 and h.
15
Let l be ((-1)/2)/(1/2). Let n be (-1)/(l/(-1 + 3)). Suppose 2*h - 44 = 4*a, -52 = -4*h - 4*a - 0*a. What is the greatest common factor of h and n?
2
Suppose -l = 1 + 4. Let h be (-32)/l + 2/(-5). Calculate the greatest common divisor of h and 48.
6
Let k(x) = 4*x - 84. Let a be k(26). What is the greatest common factor of 140 and a?
20
Let o be (15/4 - 0)/((-10)/(-40)). Calculate the greatest common factor of o and 15.
15
Let x be (-7 + 30)*(2 + (1 - -1)). What is the highest common divisor of x and 23?
23
Suppose -6*b = -2*b. Suppose o - 6 = -b*o. Suppose 9*z - 12 = 7*z. Calculate the highest common divisor of z and o.
6
Let g(p) = -p + 20. Let o be g(9). Suppose -5*w + 121 - o = 3*t, -w + t + 22 = 0. Let v = 234 + -146. What is the greatest common factor of v and w?
22
Suppose 13 = 3*k + 4, 0 = -2*r - 4*k - 28. Let o = -12 - r. Calculate the highest common factor of 20 and o.
4
Let a(v) = v**2 - 5*v - 3. Let c be a(6). Let n = 2 + -3. Let y be (-21)/n*2/c. Calculate the highest common factor of y and 35.
7
Suppose 2*x = q + 3, 4*x + 15 = 4*q + q. Let a(h) = -3 + 4*h**3 - 4*h**2 - 68*h + 2 + 71*h. Let p be a(2). Calculate the highest common factor of q and p.
7
Let g(p) = p**2 + 10*p + 3. Let s be g(-9). Let q be s/15 - 57/(-5). Calculate the greatest common divisor of 1 and q.
1
Let o be (2/2)/1 - 0. Suppose 15 = z + 4. Suppose g - z = o. What is the highest common divisor of 36 and g?
12
Let d be -2 + (-2 - -3) + 12. What is the highest common divisor of 44 and d?
11
Suppose 2*y - u - 12 = -5*u, 0 = 4*y + 2*u - 30. Calculate the highest common divisor of 4 and y.
4
Suppose -w + 2*q + 16 = -3*q, 4*q - 160 = -4*w. Suppose 14 = 4*h - 42. Let x = h - 2. Calculate the highest common factor of w and x.
12
Let r = 133 - 70. Let i = 97 - r. Suppose 0 = 5*h + 3*u - 138, -u - i = 4*h - 150. Calculate the greatest common factor of h and 6.
6
Suppose 3*d + 2*g + g - 186 = 0, 0 = -4*d + 2*g + 236. Calculate the highest common divisor of d and 20.
20
Let z = 11 - 32. Let n = z - -24. Calculate the highest common divisor of 21 and n.
3
Le